{"id":15,"date":"2017-06-12T14:40:44","date_gmt":"2017-06-12T12:40:44","guid":{"rendered":"https:\/\/aupmg.wordpress.com\/?page_id=3"},"modified":"2024-05-24T13:25:44","modified_gmt":"2024-05-24T11:25:44","slug":"a-propos","status":"publish","type":"page","link":"https:\/\/aupmg.com\/index.php\/les-actualites-reviennent-tres-bientot\/a-propos\/","title":{"rendered":"Qui sommes-nous ?"},"content":{"rendered":"\t\t<div data-elementor-type=\"wp-page\" data-elementor-id=\"15\" class=\"elementor elementor-15\">\n\t\t\t\t\t\t<section class=\"elementor-section elementor-top-section elementor-element elementor-element-5a5def39 elementor-section-boxed elementor-section-height-default elementor-section-height-default\" data-id=\"5a5def39\" data-element_type=\"section\">\n\t\t\t\t\t\t<div class=\"elementor-container elementor-column-gap-default\">\n\t\t\t\t\t<div class=\"elementor-column elementor-col-100 elementor-top-column elementor-element elementor-element-25514629\" data-id=\"25514629\" data-element_type=\"column\">\n\t\t\t<div class=\"elementor-widget-wrap elementor-element-populated\">\n\t\t\t\t\t\t<div class=\"elementor-element elementor-element-2f2428bf elementor-widget elementor-widget-text-editor\" data-id=\"2f2428bf\" data-element_type=\"widget\" data-widget_type=\"text-editor.default\">\n\t\t\t\t<div class=\"elementor-widget-container\">\n\t\t\t\t\t\t\t<div>Une Association de Plaisanciers du Port de Mortagne-sur-Gironde \u00a0r\u00e9gie par la loi de 1901.<\/div><div>\u00a0<\/div><div>Nous repr\u00e9sentons nos adh\u00e9rents aupr\u00e8s de collectivit\u00e9s locales :<\/div><ul><li>pour d\u00e9fendre leurs int\u00e9r\u00eats (tarifs locations et services)<\/li><li>pour participer aux organismes consultatifs.<\/li><li>pour pr\u00e9senter et soutenir les demandes d&#8217;am\u00e9liorations portuaires.<\/li><\/ul><div id=\"post-body-1041517232020387863\" class=\"post-body entry-content\"><div dir=\"ltr\">Nous procurons \u00e0 nos adh\u00e9rents des avantages (\u00c9quipements, \u00e9changes, communications internes)<\/div><ul><li>Nous organisons des activit\u00e9s marines (Sorties, Formations, etc.).<\/li><li>Nous d\u00e9veloppons des contacts avec les autres Associations de Plaisanciers pour organiser des activit\u00e9s communes.<\/li><\/ul><p>Liens int\u00e9ressants :<\/p><ul><li>Le formulaire d&#8217;adh\u00e9sion est dans <a href=\"http:\/\/www.aupmg.com\/index.php\/documents-utiles\/\">documents<\/a><\/li><li>La composition du Conseil d&#8217;Administration de l&#8217;association est dans <a href=\"http:\/\/www.aupmg.com\/index.php\/le-conseil-dadministration\/\">Le conseil d&#8217;Administration\u00a0<\/a><\/li><li><a href=\"https:\/\/www.aupmg.com\/index.php\/2019\/09\/26\/membres-aupmg\/\">Liste des membres de l&#8217;AUPMG<\/a>\u00a02024<\/li><\/ul><\/div>\t\t\t\t\t\t<\/div>\n\t\t\t\t<\/div>\n\t\t\t\t\t<\/div>\n\t\t<\/div>\n\t\t\t\t\t<\/div>\n\t\t<\/section>\n\t\t\t\t<\/div>\n\t\t","protected":false},"excerpt":{"rendered":"<p>Ceci est un petit extrait destin\u00e9 \u00e0 la &nbsp;page \u00ab \u00c0 propos \u00bb.<\/p>\n","protected":false},"author":3,"featured_media":0,"parent":4297,"menu_order":1,"comment_status":"closed","ping_status":"closed","template":"","meta":{"ocean_post_layout":"","ocean_both_sidebars_style":"","ocean_both_sidebars_content_width":0,"ocean_both_sidebars_sidebars_width":0,"ocean_sidebar":"","ocean_second_sidebar":"","ocean_disable_margins":"enable","ocean_add_body_class":"","ocean_shortcode_before_top_bar":"","ocean_shortcode_after_top_bar":"","ocean_shortcode_before_header":"","ocean_shortcode_after_header":"","ocean_has_shortcode":"","ocean_shortcode_after_title":"","ocean_shortcode_before_footer_widgets":"","ocean_shortcode_after_footer_widgets":"","ocean_shortcode_before_footer_bottom":"","ocean_shortcode_after_footer_bottom":"","ocean_display_top_bar":"default","ocean_display_header":"default","ocean_header_style":"","ocean_center_header_left_menu":"","ocean_custom_header_template":"","ocean_custom_logo":0,"ocean_custom_retina_logo":0,"ocean_custom_logo_max_width":0,"ocean_custom_logo_tablet_max_width":0,"ocean_custom_logo_mobile_max_width":0,"ocean_custom_logo_max_height":0,"ocean_custom_logo_tablet_max_height":0,"ocean_custom_logo_mobile_max_height":0,"ocean_header_custom_menu":"","ocean_menu_typo_font_family":"","ocean_menu_typo_font_subset":"","ocean_menu_typo_font_size":0,"ocean_menu_typo_font_size_tablet":0,"ocean_menu_typo_font_size_mobile":0,"ocean_menu_typo_font_size_unit":"px","ocean_menu_typo_font_weight":"","ocean_menu_typo_font_weight_tablet":"","ocean_menu_typo_font_weight_mobile":"","ocean_menu_typo_transform":"","ocean_menu_typo_transform_tablet":"","ocean_menu_typo_transform_mobile":"","ocean_menu_typo_line_height":0,"ocean_menu_typo_line_height_tablet":0,"ocean_menu_typo_line_height_mobile":0,"ocean_menu_typo_line_height_unit":"","ocean_menu_typo_spacing":0,"ocean_menu_typo_spacing_tablet":0,"ocean_menu_typo_spacing_mobile":0,"ocean_menu_typo_spacing_unit":"","ocean_menu_link_color":"","ocean_menu_link_color_hover":"","ocean_menu_link_color_active":"","ocean_menu_link_background":"","ocean_menu_link_hover_background":"","ocean_menu_link_active_background":"","ocean_menu_social_links_bg":"","ocean_menu_social_hover_links_bg":"","ocean_menu_social_links_color":"","ocean_menu_social_hover_links_color":"","ocean_disable_title":"default","ocean_disable_heading":"default","ocean_post_title":"","ocean_post_subheading":"","ocean_post_title_style":"","ocean_post_title_background_color":"","ocean_post_title_background":0,"ocean_post_title_bg_image_position":"","ocean_post_title_bg_image_attachment":"","ocean_post_title_bg_image_repeat":"","ocean_post_title_bg_image_size":"","ocean_post_title_height":0,"ocean_post_title_bg_overlay":0.5,"ocean_post_title_bg_overlay_color":"","ocean_disable_breadcrumbs":"default","ocean_breadcrumbs_color":"","ocean_breadcrumbs_separator_color":"","ocean_breadcrumbs_links_color":"","ocean_breadcrumbs_links_hover_color":"","ocean_display_footer_widgets":"default","ocean_display_footer_bottom":"default","ocean_custom_footer_template":"","footnotes":""},"_links":{"self":[{"href":"https:\/\/aupmg.com\/index.php\/wp-json\/wp\/v2\/pages\/15"}],"collection":[{"href":"https:\/\/aupmg.com\/index.php\/wp-json\/wp\/v2\/pages"}],"about":[{"href":"https:\/\/aupmg.com\/index.php\/wp-json\/wp\/v2\/types\/page"}],"author":[{"embeddable":true,"href":"https:\/\/aupmg.com\/index.php\/wp-json\/wp\/v2\/users\/3"}],"replies":[{"embeddable":true,"href":"https:\/\/aupmg.com\/index.php\/wp-json\/wp\/v2\/comments?post=15"}],"version-history":[{"count":10,"href":"https:\/\/aupmg.com\/index.php\/wp-json\/wp\/v2\/pages\/15\/revisions"}],"predecessor-version":[{"id":5175,"href":"https:\/\/aupmg.com\/index.php\/wp-json\/wp\/v2\/pages\/15\/revisions\/5175"}],"up":[{"embeddable":true,"href":"https:\/\/aupmg.com\/index.php\/wp-json\/wp\/v2\/pages\/4297"}],"wp:attachment":[{"href":"https:\/\/aupmg.com\/index.php\/wp-json\/wp\/v2\/media?parent=15"}],"curies":[{"name":"wp","href":"https:\/\/api.w.org\/{rel}","templated":true}]}}